 3*x = 4*x + 4*h - l. What are the prime factors of x?
2, 11
Let b = -2979 - -6103. What are the prime factors of b?
2, 11, 71
Suppose -f = 2*f - 30. Let w = -5 + f. Suppose 21 = w*c - 9. List the prime factors of c.
2, 3
Let y = 739 - 445. List the prime factors of y.
2, 3, 7
Let g(n) = -n**3 - 5*n**2 - 8*n - 14. Let d be g(-6). Let p = 97 - d. List the prime factors of p.
3
Suppose -4*p - p + 60 = 0. List the prime factors of (-2)/8 + 939/p.
2, 3, 13
Suppose 166*v - 172*v = -7668. List the prime factors of v.
2, 3, 71
Suppose -5*w + 724 = 2*g, -4*w - 2*g + 580 = -0*g. Let s = w - 245. Let o = s + 171. What are the prime factors of o?
2, 5, 7
Let z(l) = -11*l + 21. List the prime factors of z(-11).
2, 71
Let c(m) = -2*m**3 + m**2 + 6*m + 3. Let a be c(-3). Suppose 0 = -2*s + 5*s - a. List the prime factors of s.
2
Let p(y) = -16*y - 37. Let s(o) = 4*o + 9. Let v(m) = 6*p(m) + 26*s(m). Let i be v(6). Let k = -13 + i. What are the prime factors of k?
47
Let z be -3*(-3592)/84 + 2/(-7). Suppose -2*t + 36 + 19 = -o, 0 = -4*t - 4*o + z. What are the prime factors of t?
29
Let a = -8 + 12. Suppose 0 = -0*t + a*t. Suppose 4*w - 33 - 7 = t. What are the prime factors of w?
2, 5
Let w = -366 - -368. Let a be (-1 - -5)*(-1)/(-2). Suppose -3*h + 8*h + s - 309 = 0, a = -w*s. List the prime factors of h.
2, 31
Suppose 2*x + 46 = 238. List the prime factors of x + -3*(0 + -1).
3, 11
Suppose 0 = 2*f - 3*f + 73. Suppose 8*q - 23 = f. What are the prime factors of q?
2, 3
Let r(a) = -2*a**3 + 6*a + 6*a**2 + 2*a**3 + 2*a**3 - 5. List the prime factors of r(4).
3
Suppose -2*w - f - 15 = 0, -3*w - 4*f - 26 - 4 = 0. What are the prime factors of ((-207)/(-3))/((-9)/w)?
2, 23
Let r be -1 + (1 - 0)*6. Let g = -41 - -62. Suppose r = -4*q + g. List the prime factors of q.
2
Let c(l) = 30*l + 2. Let y be 9 + (-1)/2*(-48)/(-8). List the prime factors of c(y).
2, 7, 13
Suppose 3*q - 485 + 78 = -4*n, -2*n + 4 = 0. What are the prime factors of q?
7, 19
Let t be (0 - (12 - -2)) + -2. List the prime factors of (5/((-60)/t))/(6/261).
2, 29
Suppose -10 = -3*w - i, -4*w - 2*i - 5 = -3*w. Let g = -429 + 619. Suppose -s + 4*u + 43 = 0, 3*u = w*s + 8*u - g. What are the prime factors of s?
3, 13
Let y = -499 - -1023. Suppose 4*o + 0*o + s = y, -2*o + 280 = -4*s. Suppose -15*b + 12*b = -o. What are the prime factors of b?
2, 11
Let a(c) = -2*c + 2. Let s be a(-4). Suppose 0 = 2*p - p - s. Suppose 2*w + 38 - p = 2*d, -2*w = 5*d - 42. What are the prime factors of d?
2, 5
Let x = 5 - 3. Let f(j) = -46*j - 1. Let y be f(x). List the prime factors of ((-5)/15)/(1/y).
31
Let d(y) = -5*y - 15. Let r be d(-10). Let l = 97 + r. What are the prime factors of l?
2, 3, 11
List the prime factors of 6/(-4)*(-10740)/45.
2, 179
Let b(y) = 44*y - 39. List the prime factors of b(5).
181
Let l(n) = n**2 - n - 4. Suppose -h = 4*w + h, 0 = w - h + 6. Let c be l(w). Suppose -r + 3*o = 3 - c, -2*r + 6 = -2*o. What are the prime factors of r?
5
Suppose 0 = -4*m, -3*m = -2*g - 8*m + 584. List the prime factors of g.
2, 73
Suppose 13*n = 7 - 85. List the prime factors of 2271/9 - (-2)/n.
2, 3, 7
Suppose -3*d + 57 = -0. Let f = -25 + 31. Suppose -4*k + f = -3*g, 5*k + g - d = -g. What are the prime factors of k?
3
Let y(m) = 10*m - 36. Let h be y(4). Suppose 230 = 3*w - 2*w - 2*x, -200 = -w - h*x. List the prime factors of w.
2, 5, 11
Suppose 10 = 5*l, -a + 462 = -2*l - 2*l. List the prime factors of a.
2, 5, 47
Let i(o) = 2*o - 8. Suppose -4*l = -29 + 9. Suppose l*h + 18 = 7*h. What are the prime factors of i(h)?
2, 5
Let j(b) = b**2 + 4*b + 6. Let a be j(-4). Suppose -h + a = 2*y, 7*h = 2*h + 3*y + 17. Suppose 0 = -h*u + 3*u + 7. What are the prime factors of u?
7
Let c be (-1)/(0 - 6/(-18)). Suppose -2*y = 123 + 15. Let a = c - y. What are the prime factors of a?
2, 3, 11
Let n be 48/10 + (-4)/(-20). Suppose -5*z + 120 = -5*x, -34 - 38 = -3*z + n*x. List the prime factors of z.
2, 3
Suppose -2*d - 494 = -3*d + 4*u, 4*d - 1961 = u. List the prime factors of d/38 + (-30)/(-285).
13
Let m be ((-6)/(-15))/((-1)/10). What are the prime factors of ((-10)/(-4))/(m/(-112))?
2, 5, 7
Let y be (2/2)/(4/20). Suppose -2*n = 5*u - 25, 0*n - 5 = 2*n - y*u. Suppose -n*w + 23 + 27 = 0. What are the prime factors of w?
2, 5
Suppose 5*b + 220 = 3*a - 965, 2*a - 790 = -b. List the prime factors of a.
5, 79
Suppose -2641 = -13*t + 12634. What are the prime factors of t?
5, 47
Let h(n) = -5*n + 5*n - 6*n - 3. Let u be -5 - 1*(-6 + 7) - 5. What are the prime factors of h(u)?
3, 7
Suppose 4*q + 397 = 3*c, 0*c + 289 = -3*q + 4*c. Let j be 2/7 - q/7. Suppose -u + j = 3*v - 0*u, -4*v - u = -21. List the prime factors of v.
2, 3
Suppose -2*z = 10, -s - 4*s + 5*z = -2955. List the prime factors of s.
2, 293
Let i = 1619 - -608. What are the prime factors of i?
17, 131
Suppose 5*p + 2 = 7. Let l(t) = 2 - 5*t - t**2 - 5*t**2 - t**3 + 1 - p. List the prime factors of l(-5).
2
Suppose -f = -4, -2*b = -2*f - 3504 + 336. What are the prime factors of b?
2, 397
Suppose 3*y - 3 - 12 = 0. Let a(f) = -3*f**2 + 20*f + 21. Let t(n) = n**2 - 10*n - 10. Let b(u) = y*t(u) + 2*a(u). List the prime factors of b(-8).
2
Let t(c) be the first derivative of c**4/4 - c**3 + c**2 - c - 24. List the prime factors of t(3).
5
Suppose -2*v + 15 = v. Let i = v + 10. Suppose 0 = -3*k + i, 3*k - 1 - 51 = -x. What are the prime factors of x?
37
Let t = 709 + 644. What are the prime factors of t?
3, 11, 41
Let a(t) = 17*t**2 - 2*t - 6. What are the prime factors of a(-3)?
3, 17
Let v(p) = -p - 4. Suppose -r + 5*k - 29 = 0, -5*r - 2*k = -r + 94. Let n be 306/r - 6/(-8). List the prime factors of v(n).
2
Suppose -12609 = -0*b - 9*b. What are the prime factors of b?
3, 467
Let y be ((-180)/7)/((-3)/42). Suppose 0 = 5*b - 3*b - y. List the prime factors of b.
2, 3, 5
Suppose 0 = 2*b + 3*t - 853, 2*t = 5*b - 918 - 1224. What are the prime factors of b?
2, 107
Let d be (-4)/(-16) + 275/20. Let x = 22 - d. List the prime factors of x.
2
What are the prime factors of (-121)/((-1)/4 + 7/84)?
2, 3, 11
Suppose 9*m - 7*m - 38 = 0. Suppose -4*l - m = -119. List the prime factors of l.
5
Let x(m) = 2*m**3 - 5*m**2 - 3*m - 1. Let q be x(4). Let t = q - -45. List the prime factors of t.
2, 5
Suppose -l + 1482 + 71 = 0. What are the prime factors of l?
1553
Suppose 14 = v - 0*v + 2*l, 0 = -4*v - 4*l + 40. Suppose -4*y + v*y = 0. Suppose 0 = -4*c - 2*x + 68, 0*c - c - 5*x - 1 = y. What are the prime factors of c?
19
Let d = -14 + 9. Let p(h) = -h - 2. Let f be p(d). Suppose -4 = 2*r - f*r. List the prime factors of r.
2
Let x = -47 - -29. Let b = 47 + x. What are the prime factors of b?
29
Let t(c) = -c**2 - 5*c + 4. Let l = 11 - 8. Suppose 0 = l*i + h - 2 + 12, 5*h = 4*i + 7. What are the prime factors of t(i)?
2, 5
Suppose -4*d + 3*o = -7*d + 3777, -o + 5 = 0. What are the prime factors of d?
2, 3, 11, 19
Let a(d) = 95*d + 15. List the prime factors of a(4).
5, 79
Let p(g) = -g**2 - 43*g - 26. List the prime factors of p(-26).
2, 13
Suppose 112 = 3*y + y. Let r = 101 - y. What are the prime factors of r?
73
Suppose 2*v - 4918 + 1006 = 0. What are the prime factors of v?
2, 3, 163
Suppose c + 57 = -51. List the prime factors of (-4)/18 + (-10068)/c.
3, 31
List the prime factors of 1 - ((-6)/8)/((-5)/(-820)).
2, 31
Let x = -14 + 25. Let f = -5 + x. What are the prime factors of (-28)/f*(-36)/7?
2, 3
Suppose c - 578 - 534 = 0. What are the prime factors of c?
2, 139
Let k = 275 - 187. What are the prime factors of k?
2, 11
Suppose 0 = -6*t + 3506 + 19546. List the prime factors of t.
2, 17, 113
List the prime factors of (-878)/(-10)*40/8.
439
Let h(y) be the third derivative of 59*y**5/60 + y**4/12 + y**3/3 + 9*y**2. What are the prime factors of h(-1)?
59
Let c = 8 - 11. Let w(j) = 6*j - 10. Let y be w(9). Let l = y - c. What are the prime factors of l?
47
Suppose 2*v + a + 3*a = 14, -3*a = -5*v + 9. Suppose v*s - 237 = 375. List the prime factors of s/24 - (-1)/2.
3
Suppose -60*v + 18357 = -31*v. List the prime factors of v.
3, 211
Let s be -1 + (-12)/4 + 116. Suppose s = 2*y - 12. What are the prime factors of y?
2, 31
Suppose -r + 5*a = 17, -17 = -3*r - 0*a - 2*a. Suppose -r*y = m - 115, -5*y + 329 = 2*m + 102. What are the prime factors of m?
2, 53
Let v(l) = l**2 + 3*l 